igit of 2002?
2
What is the tens digit of 45364?
6
What is the thousands digit of 2545?
2
What is the units digit of 5238?
8
What is the hundreds digit of 29015?
0
What is the units digit of 6701?
1
What is the hundreds digit of 4924?
9
What is the tens digit of 33125?
2
What is the thousands digit of 60910?
0
What is the hundreds digit of 3919?
9
What is the hundreds digit of 5688?
6
What is the hundreds digit of 1347?
3
What is the tens digit of 24834?
3
What is the tens digit of 9126?
2
What is the units digit of 592?
2
What is the tens digit of 333?
3
What is the ten thousands digit of 127398?
2
What is the tens digit of 1880?
8
What is the units digit of 3531?
1
What is the ten thousands digit of 22252?
2
What is the units digit of 2387?
7
What is the units digit of 10673?
3
What is the units digit of 830?
0
What is the tens digit of 498?
9
What is the thousands digit of 59488?
9
What is the tens digit of 89?
8
What is the units digit of 82821?
1
What is the tens digit of 2875?
7
What is the hundreds digit of 253?
2
What is the tens digit of 2604?
0
What is the tens digit of 161574?
7
What is the units digit of 16989?
9
What is the units digit of 357?
7
What is the tens digit of 1080?
8
What is the thousands digit of 3312?
3
What is the units digit of 38166?
6
What is the hundreds digit of 12848?
8
What is the thousands digit of 11257?
1
What is the hundreds digit of 6617?
6
What is the units digit of 4822?
2
What is the thousands digit of 1958?
1
What is the hundreds digit of 81873?
8
What is the tens digit of 123?
2
What is the hundreds digit of 6215?
2
What is the units digit of 913?
3
What is the hundreds digit of 1078?
0
What is the thousands digit of 63038?
3
What is the hundreds digit of 1786?
7
What is the thousands digit of 44370?
4
What is the hundreds digit of 768?
7
What is the tens digit of 117?
1
What is the ten thousands digit of 10549?
1
What is the tens digit of 731?
3
What is the tens digit of 330?
3
What is the hundreds digit of 192?
1
What is the thousands digit of 1972?
1
What is the tens digit of 550?
5
What is the hundreds digit of 953?
9
What is the tens digit of 113?
1
What is the tens digit of 918?
1
What is the tens digit of 1067?
6
What is the ten thousands digit of 12638?
1
What is the tens digit of 553?
5
What is the thousands digit of 133074?
3
What is the units digit of 1151?
1
What is the ten thousands digit of 19348?
1
What is the units digit of 1377?
7
What is the tens digit of 1256?
5
What is the ten thousands digit of 13954?
1
What is the ten thousands digit of 14148?
1
What is the thousands digit of 18855?
8
What is the thousands digit of 14772?
4
What is the ten thousands digit of 18342?
1
What is the ten thousands digit of 34168?
3
What is the hundreds digit of 3119?
1
What is the units digit of 2125?
5
What is the hundreds digit of 1731?
7
What is the hundreds digit of 1901?
9
What is the units digit of 130217?
7
What is the hundreds digit of 13279?
2
What is the ten thousands digit of 43376?
4
What is the thousands digit of 8063?
8
What is the tens digit of 75?
7
What is the units digit of 40759?
9
What is the hundreds digit of 2317?
3
What is the units digit of 935?
5
What is the thousands digit of 1780?
1
What is the hundreds digit of 952?
9
What is the tens digit of 451?
5
What is the units digit of 71073?
3
What is the hundreds digit of 129459?
4
What is the hundreds digit of 12515?
5
What is the units digit of 35571?
1
What is the thousands digit of 13396?
3
What is the thousands digit of 9748?
9
What is the hundreds digit of 840?
8
What is the hundreds digit of 1545?
5
What is the hundreds digit of 385?
3
What is the tens digit of 4312?
1
What is the hundreds digit of 3879?
8
What is the units digit of 1495?
5
What is the tens digit of 1437?
3
What is the units digit of 4912?
2
What is the ten thousands digit of 12614?
1
What is the hundreds digit of 1938?
9
What is the hundreds digit of 1751?
7
What is the thousands digit of 1625?
1
What is the units digit of 1295?
5
What is the hundreds digit of 9129?
1
What is the tens digit of 10?
1
What is the thousands digit of 2167?
2
What is the hundreds digit of 38575?
5
What is the hundreds digit of 8557?
5
What is the thousands digit of 2048?
2
What is the tens digit of 76179?
7
What is the tens digit of 1201?
0
What is the ten thousands digit of 25055?
2
What is the ten thousands digit of 50723?
5
What is the tens digit of 38?
3
What is the tens digit of 608?
0
What is the units digit of 35942?
2
What is the units digit of 14474?
4
What is the hundreds digit of 3334?
3
What is the hundreds digit of 4039?
0
What is the tens digit of 17?
1
What is the thousands digit of 2047?
2
What is the tens digit of 4041?
4
What is the thousands digit of 1752?
1
What is the thousands digit of 3576?
3
What is the ten thousands digit of 81384?
8
What is the units digit of 4469?
9
What is the hundreds digit of 50026?
0
What is the tens digit of 669?
6
What is the thousands digit of 9338?
9
What is the tens digit of 876?
7
What is the units digit of 4680?
0
What is the hundreds digit of 7084?
0
What is the hundreds digit of 6700?
7
What is the tens digit of 212?
1
What is the tens digit of 599?
9
What is the hundred thousands digit of 149825?
1
What is the thousands digit of 97989?
7
What is the hundreds digit of 126520?
5
What is the units digit of 11902?
2
What is the tens digit of 5679?
7
What is the units digit of 4247?
7
What is the units digit of 92200?
0
What is the ten thousands digit of 44370?
4
What is the thousands digit of 33131?
3
What is the hundreds digit of 252?
2
What is the ten thousands digit of 24824?
2
What is the units digit of 71012?
2
What is the hundreds digit of 97869?
8
What is the units digit of 19582?
2
What is the thousands digit of 3641?
3
What is the hundreds digit of 2737?
7
What is the units digit of 2774?
4
What is the hundreds digit of 759?
7
What is the units digit of 435?
5
What is the thousands digit of 181320?
1
What is the units digit of 64054?
4
What is the hundreds digit of 3509?
5
What is the hundred thousands digit of 155175?
1
What is the units digit of 39602?
2
What is the thousands digit of 76213?
6
What is the tens digit of 8116?
1
What is the ten thousands digit of 11970?
1
What is the tens digit of 625?
2
What is the tens digit of 876?
7
What is the tens digit of 1329?
2
What is the units digit of 343?
3
What is the hundreds digit of 708?
7
What is the hundreds digit of 63277?
2
What is the tens digit of 449?
4
What is the thousands digit of 45379?
5
What is the units digit of 7701?
1
What is the ten thousands digit of 104616?
0
What is the ten thousands digit of 61958?
6
What is the hundreds digit of 70926?
9
What is the hundreds digit of 34444?
4
What is the tens digit of 596?
9
What is the tens digit of 920?
2
What is the tens digit of 483?
8
What is the hundreds digit of 1669?
6
What is the hundreds digit of 5178?
1
What is the tens digit of 6631?
3
What is the hundreds digit of 4847?
8
What is the hundreds digit of 4535?
5
What is the units digit of 75873?
3
What is the thousands digit of 2744?
2
What is the thousands digit of 5700?
5
What is the units digit of 5504?
4
What is the units digit of 5234?
4
What is the hundreds digit of 7431?
4
What is the hundreds digit of 15153?
1
What is the thousands digit of 38454?
8
What is the ten thousands digit of 14656?
1
What is the units digit of 4527?
7
What is the tens digit of 1069?
6
What is the units digit of 954?
4
What is the hundreds digit of 113?
1
What is the thousands digit of 13442?
3
What is the ten thousands digit of 53227?
5
What is the units digit of 7386?
6
What is the hundreds digit of 1596?
5
What is the units digit of 2686?
6
What is the hundreds digit of 2676?
6
What is the hundreds digit of 211?
2
What is the thousands digit of 1975?
1
What is the thousands digit of 1035?
1
What is the hundreds digit of 4008?
0
What is the tens digit of 3086?
8
What is the hundreds digit of 3794?
7
What is the hundreds digit of 9554?
5
What is the units digit of 46549?
9
What is the tens digit of 2166?
6
What is the thousands digit of 3381?
3
What is the units digit of 1135?
5
What is the units digit of 2187?
7
What is the thousands digit of 6275?
6
What is t